{"id":564,"date":"2025-07-30T10:40:59","date_gmt":"2025-07-30T08:40:59","guid":{"rendered":"https:\/\/www.tvojeoci.cz\/?post_type=product&#038;p=564"},"modified":"2025-09-29T14:01:10","modified_gmt":"2025-09-29T12:01:10","slug":"tvojeoci-na-kryt","status":"publish","type":"product","link":"https:\/\/www.tvojeoci.cz\/?product=tvojeoci-na-kryt","title":{"rendered":"TvojeO\u010di: Na kryt"},"content":{"rendered":"<p data-start=\"371\" data-end=\"600\"><strong data-start=\"374\" data-end=\"414\">V\u00e1\u0161 pohled. V\u00e1\u0161 design. V\u00e1\u0161 telefon.<\/strong><br data-start=\"414\" data-end=\"417\" \/>Nechte si profesion\u00e1ln\u011b vyfotit svou duhovku a z\u00edskejte origin\u00e1ln\u00ed grafiku p\u0159ipravenou k potisku na kryt va\u0161eho mobiln\u00edho telefonu. Ka\u017ed\u00fd v\u00fdstup je jedine\u010dn\u00fd \u2013 stejn\u011b jako va\u0161e o\u010di.<\/p>\n<p data-start=\"605\" data-end=\"623\">Vytvo\u0159\u00edme pro v\u00e1s:<\/p>\n<ul>\n<li data-start=\"628\" data-end=\"666\">detailn\u00ed makrofotografii va\u0161\u00ed duhovky,<\/li>\n<li data-start=\"671\" data-end=\"759\">origin\u00e1ln\u00ed grafickou kompozici (nap\u0159. jedna duhovka, p\u00e1rov\u00fd motiv, yin-yang, splynut\u00ed\u2026),<\/li>\n<li data-start=\"764\" data-end=\"825\">tiskov\u00e9 podklady pro online tisk\u00e1rnu kryt\u016f (form\u00e1ty JPG\/PNG),<\/li>\n<\/ul>\n<p data-start=\"886\" data-end=\"977\">\ud83c\udf81 Ide\u00e1ln\u00ed jako osobn\u00ed d\u00e1rek \u2013 pro partnera, rodi\u010de, nebo jako spole\u010dn\u00fd artefakt s d\u00edt\u011btem.<\/p>\n<p>Fotografie duhovky jsou trendem v Pa\u0159\u00ed\u017ei, Lond\u00fdn\u011b, Berl\u00edn\u011b, New Yorku a p\u0159ich\u00e1z\u00ed i do \u010ceska. <strong>Origin\u00e1ln\u00ed fotky jsou kr\u00e1sn\u00fdm d\u00e1rkem<\/strong>, hodit se v\u00e1m budou i jako\u00a0<strong>netradi\u010dn\u00ed dekorace<\/strong>. Nechte si dle preferenc\u00ed ud\u011blat p\u00e1rovou \u010di rodinnou fotku nebo vyfotit vlastn\u00ed duhovku. Nad r\u00e1mec p\u0159\u00edpravy pro potisk krytu obdr\u017e\u00edte i ka\u017ed\u00fd svoji fotografii v rozm\u011bru 80x80cm. Fotografie je vhodn\u00e1 pro velkoform\u00e1tov\u00fd tisk, lze se domluvit na velikosti a\u017e 160x160cm (tisk nen\u00ed v cen\u011b).<\/p>\n<p><em>&#8222;To nejlep\u0161\u00ed na fotografi\u00edch duhovek je, \u017ee ka\u017ed\u00e1 chyba \u010di anom\u00e1lie je t\u00edm, co d\u011bl\u00e1 duhovku jedine\u010dnou a kr\u00e1snou,&#8220;<\/em> vysv\u011btluje fotograf Anton\u00edn Ferdan ze studia Tvoje o\u010di, kde se budete fotit.<\/p>\n<p>B\u011bhem\u00a0<strong>15 a\u017e 45 minut focen\u00ed<\/strong>\u00a0fotograf zachyt\u00ed ty nejpodstatn\u011bj\u0161\u00ed rysy va\u0161\u00ed duhovky.\u00a0<strong>Nen\u00ed pot\u0159eba l\u00ed\u010den\u00ed, speci\u00e1ln\u00ed od\u011bv, nic.<\/strong>\u00a0Sta\u010d\u00ed jen p\u0159ij\u00edt a m\u00edt o\u010di otev\u0159en\u00e9 (aspo\u0148 chvilkami). Pak u\u017e jen usly\u0161\u00edte cvak\u00e1n\u00ed spou\u0161ti a zaost\u0159ov\u00e1n\u00ed fo\u0165\u00e1ku, zat\u00edmco fotograf bude hledat nejlep\u0161\u00ed sv\u011btlo pro\u00a0<strong>co nejrealisti\u010dt\u011bj\u0161\u00ed v\u00fdsledek<\/strong>.<\/p>\n","protected":false},"excerpt":{"rendered":"<p>Makrofotografie va\u0161\u00ed duhovky upraven\u00e1 do designu p\u0159ipraven\u00e9ho k potisku na mobiln\u00ed kryt. Jedine\u010dn\u00fd otisk oka, kter\u00fd budete m\u00edt st\u00e1le p\u0159i sob\u011b.<\/p>\n","protected":false},"featured_media":566,"comment_status":"closed","ping_status":"closed","template":"","meta":[],"product_brand":[],"product_cat":[17],"product_tag":[],"class_list":{"0":"post-564","1":"product","2":"type-product","3":"status-publish","4":"has-post-thumbnail","6":"product_cat-duhovka","7":"pif-has-gallery","9":"first","10":"instock","11":"shipping-taxable","12":"purchasable","13":"product-type-variable","14":"add-to-wishlist-after_add_to_cart"},"yoast_head":"<!-- This site is optimized with the Yoast SEO plugin v25.0 - https:\/\/yoast.com\/wordpress\/plugins\/seo\/ -->\n<title>TvojeO\u010di: Na kryt - Tvoje o\u010di<\/title>\n<meta name=\"description\" content=\"Makrofotografie va\u0161\u00ed duhovky upraven\u00e1 do designu p\u0159ipraven\u00e9ho k potisku na mobiln\u00ed kryt. Jedine\u010dn\u00fd otisk oka, kter\u00fd budete m\u00edt st\u00e1le p\u0159i sob\u011b.\" \/>\n<meta name=\"robots\" content=\"index, follow, max-snippet:-1, max-image-preview:large, max-video-preview:-1\" \/>\n<link rel=\"canonical\" href=\"https:\/\/www.tvojeoci.cz\/?product=tvojeoci-na-kryt\" \/>\n<meta property=\"og:locale\" content=\"cs_CZ\" \/>\n<meta property=\"og:type\" content=\"article\" \/>\n<meta property=\"og:title\" content=\"TvojeO\u010di: Na kryt - Tvoje o\u010di\" \/>\n<meta property=\"og:description\" content=\"Makrofotografie va\u0161\u00ed duhovky upraven\u00e1 do designu p\u0159ipraven\u00e9ho k potisku na mobiln\u00ed kryt. Jedine\u010dn\u00fd otisk oka, kter\u00fd budete m\u00edt st\u00e1le p\u0159i sob\u011b.\" \/>\n<meta property=\"og:url\" content=\"https:\/\/www.tvojeoci.cz\/?product=tvojeoci-na-kryt\" \/>\n<meta property=\"og:site_name\" content=\"Tvoje o\u010di\" \/>\n<meta property=\"article:publisher\" content=\"https:\/\/www.facebook.com\/MadebyAnt\/\" \/>\n<meta property=\"article:modified_time\" content=\"2025-09-29T12:01:10+00:00\" \/>\n<meta property=\"og:image\" content=\"https:\/\/www.tvojeoci.cz\/wp-content\/uploads\/2025\/07\/2.png\" \/>\n\t<meta property=\"og:image:width\" content=\"2000\" \/>\n\t<meta property=\"og:image:height\" content=\"2000\" \/>\n\t<meta property=\"og:image:type\" content=\"image\/png\" \/>\n<meta name=\"twitter:card\" content=\"summary_large_image\" \/>\n<meta name=\"twitter:label1\" content=\"Odhadovan\u00e1 doba \u010dten\u00ed\" \/>\n\t<meta name=\"twitter:data1\" content=\"2 minuty\" \/>\n<script type=\"application\/ld+json\" class=\"yoast-schema-graph\">{\"@context\":\"https:\/\/schema.org\",\"@graph\":[{\"@type\":\"WebPage\",\"@id\":\"https:\/\/www.tvojeoci.cz\/?product=tvojeoci-na-kryt\",\"url\":\"https:\/\/www.tvojeoci.cz\/?product=tvojeoci-na-kryt\",\"name\":\"TvojeO\u010di: Na kryt - Tvoje o\u010di\",\"isPartOf\":{\"@id\":\"https:\/\/www.tvojeoci.cz\/#website\"},\"primaryImageOfPage\":{\"@id\":\"https:\/\/www.tvojeoci.cz\/?product=tvojeoci-na-kryt#primaryimage\"},\"image\":{\"@id\":\"https:\/\/www.tvojeoci.cz\/?product=tvojeoci-na-kryt#primaryimage\"},\"thumbnailUrl\":\"https:\/\/www.tvojeoci.cz\/wp-content\/uploads\/2025\/07\/2.png\",\"datePublished\":\"2025-07-30T08:40:59+00:00\",\"dateModified\":\"2025-09-29T12:01:10+00:00\",\"description\":\"Makrofotografie va\u0161\u00ed duhovky upraven\u00e1 do designu p\u0159ipraven\u00e9ho k potisku na mobiln\u00ed kryt. Jedine\u010dn\u00fd otisk oka, kter\u00fd budete m\u00edt st\u00e1le p\u0159i sob\u011b.\",\"breadcrumb\":{\"@id\":\"https:\/\/www.tvojeoci.cz\/?product=tvojeoci-na-kryt#breadcrumb\"},\"inLanguage\":\"cs\",\"potentialAction\":[{\"@type\":\"ReadAction\",\"target\":[\"https:\/\/www.tvojeoci.cz\/?product=tvojeoci-na-kryt\"]}]},{\"@type\":\"ImageObject\",\"inLanguage\":\"cs\",\"@id\":\"https:\/\/www.tvojeoci.cz\/?product=tvojeoci-na-kryt#primaryimage\",\"url\":\"https:\/\/www.tvojeoci.cz\/wp-content\/uploads\/2025\/07\/2.png\",\"contentUrl\":\"https:\/\/www.tvojeoci.cz\/wp-content\/uploads\/2025\/07\/2.png\",\"width\":2000,\"height\":2000},{\"@type\":\"BreadcrumbList\",\"@id\":\"https:\/\/www.tvojeoci.cz\/?product=tvojeoci-na-kryt#breadcrumb\",\"itemListElement\":[{\"@type\":\"ListItem\",\"position\":1,\"name\":\"Dom\u016f\",\"item\":\"https:\/\/www.tvojeoci.cz\/\"},{\"@type\":\"ListItem\",\"position\":2,\"name\":\"Obchod\",\"item\":\"https:\/\/www.tvojeoci.cz\/?page_id=12\"},{\"@type\":\"ListItem\",\"position\":3,\"name\":\"TvojeO\u010di: Na kryt\"}]},{\"@type\":\"WebSite\",\"@id\":\"https:\/\/www.tvojeoci.cz\/#website\",\"url\":\"https:\/\/www.tvojeoci.cz\/\",\"name\":\"Tvoje o\u010di\",\"description\":\"Zaost\u0159eno na kr\u00e1su.\",\"publisher\":{\"@id\":\"https:\/\/www.tvojeoci.cz\/#organization\"},\"potentialAction\":[{\"@type\":\"SearchAction\",\"target\":{\"@type\":\"EntryPoint\",\"urlTemplate\":\"https:\/\/www.tvojeoci.cz\/?s={search_term_string}\"},\"query-input\":{\"@type\":\"PropertyValueSpecification\",\"valueRequired\":true,\"valueName\":\"search_term_string\"}}],\"inLanguage\":\"cs\"},{\"@type\":\"Organization\",\"@id\":\"https:\/\/www.tvojeoci.cz\/#organization\",\"name\":\"Tvoje o\u010di\",\"url\":\"https:\/\/www.tvojeoci.cz\/\",\"logo\":{\"@type\":\"ImageObject\",\"inLanguage\":\"cs\",\"@id\":\"https:\/\/www.tvojeoci.cz\/#\/schema\/logo\/image\/\",\"url\":\"https:\/\/www.tvojeoci.cz\/wp-content\/uploads\/2024\/07\/cropped-af_logo2.png\",\"contentUrl\":\"https:\/\/www.tvojeoci.cz\/wp-content\/uploads\/2024\/07\/cropped-af_logo2.png\",\"width\":500,\"height\":500,\"caption\":\"Tvoje o\u010di\"},\"image\":{\"@id\":\"https:\/\/www.tvojeoci.cz\/#\/schema\/logo\/image\/\"},\"sameAs\":[\"https:\/\/www.facebook.com\/MadebyAnt\/\"]}]}<\/script>\n<!-- \/ Yoast SEO plugin. -->","yoast_head_json":{"title":"TvojeO\u010di: Na kryt - Tvoje o\u010di","description":"Makrofotografie va\u0161\u00ed duhovky upraven\u00e1 do designu p\u0159ipraven\u00e9ho k potisku na mobiln\u00ed kryt. Jedine\u010dn\u00fd otisk oka, kter\u00fd budete m\u00edt st\u00e1le p\u0159i sob\u011b.","robots":{"index":"index","follow":"follow","max-snippet":"max-snippet:-1","max-image-preview":"max-image-preview:large","max-video-preview":"max-video-preview:-1"},"canonical":"https:\/\/www.tvojeoci.cz\/?product=tvojeoci-na-kryt","og_locale":"cs_CZ","og_type":"article","og_title":"TvojeO\u010di: Na kryt - Tvoje o\u010di","og_description":"Makrofotografie va\u0161\u00ed duhovky upraven\u00e1 do designu p\u0159ipraven\u00e9ho k potisku na mobiln\u00ed kryt. Jedine\u010dn\u00fd otisk oka, kter\u00fd budete m\u00edt st\u00e1le p\u0159i sob\u011b.","og_url":"https:\/\/www.tvojeoci.cz\/?product=tvojeoci-na-kryt","og_site_name":"Tvoje o\u010di","article_publisher":"https:\/\/www.facebook.com\/MadebyAnt\/","article_modified_time":"2025-09-29T12:01:10+00:00","og_image":[{"width":2000,"height":2000,"url":"https:\/\/www.tvojeoci.cz\/wp-content\/uploads\/2025\/07\/2.png","type":"image\/png"}],"twitter_card":"summary_large_image","twitter_misc":{"Odhadovan\u00e1 doba \u010dten\u00ed":"2 minuty"},"schema":{"@context":"https:\/\/schema.org","@graph":[{"@type":"WebPage","@id":"https:\/\/www.tvojeoci.cz\/?product=tvojeoci-na-kryt","url":"https:\/\/www.tvojeoci.cz\/?product=tvojeoci-na-kryt","name":"TvojeO\u010di: Na kryt - Tvoje o\u010di","isPartOf":{"@id":"https:\/\/www.tvojeoci.cz\/#website"},"primaryImageOfPage":{"@id":"https:\/\/www.tvojeoci.cz\/?product=tvojeoci-na-kryt#primaryimage"},"image":{"@id":"https:\/\/www.tvojeoci.cz\/?product=tvojeoci-na-kryt#primaryimage"},"thumbnailUrl":"https:\/\/www.tvojeoci.cz\/wp-content\/uploads\/2025\/07\/2.png","datePublished":"2025-07-30T08:40:59+00:00","dateModified":"2025-09-29T12:01:10+00:00","description":"Makrofotografie va\u0161\u00ed duhovky upraven\u00e1 do designu p\u0159ipraven\u00e9ho k potisku na mobiln\u00ed kryt. Jedine\u010dn\u00fd otisk oka, kter\u00fd budete m\u00edt st\u00e1le p\u0159i sob\u011b.","breadcrumb":{"@id":"https:\/\/www.tvojeoci.cz\/?product=tvojeoci-na-kryt#breadcrumb"},"inLanguage":"cs","potentialAction":[{"@type":"ReadAction","target":["https:\/\/www.tvojeoci.cz\/?product=tvojeoci-na-kryt"]}]},{"@type":"ImageObject","inLanguage":"cs","@id":"https:\/\/www.tvojeoci.cz\/?product=tvojeoci-na-kryt#primaryimage","url":"https:\/\/www.tvojeoci.cz\/wp-content\/uploads\/2025\/07\/2.png","contentUrl":"https:\/\/www.tvojeoci.cz\/wp-content\/uploads\/2025\/07\/2.png","width":2000,"height":2000},{"@type":"BreadcrumbList","@id":"https:\/\/www.tvojeoci.cz\/?product=tvojeoci-na-kryt#breadcrumb","itemListElement":[{"@type":"ListItem","position":1,"name":"Dom\u016f","item":"https:\/\/www.tvojeoci.cz\/"},{"@type":"ListItem","position":2,"name":"Obchod","item":"https:\/\/www.tvojeoci.cz\/?page_id=12"},{"@type":"ListItem","position":3,"name":"TvojeO\u010di: Na kryt"}]},{"@type":"WebSite","@id":"https:\/\/www.tvojeoci.cz\/#website","url":"https:\/\/www.tvojeoci.cz\/","name":"Tvoje o\u010di","description":"Zaost\u0159eno na kr\u00e1su.","publisher":{"@id":"https:\/\/www.tvojeoci.cz\/#organization"},"potentialAction":[{"@type":"SearchAction","target":{"@type":"EntryPoint","urlTemplate":"https:\/\/www.tvojeoci.cz\/?s={search_term_string}"},"query-input":{"@type":"PropertyValueSpecification","valueRequired":true,"valueName":"search_term_string"}}],"inLanguage":"cs"},{"@type":"Organization","@id":"https:\/\/www.tvojeoci.cz\/#organization","name":"Tvoje o\u010di","url":"https:\/\/www.tvojeoci.cz\/","logo":{"@type":"ImageObject","inLanguage":"cs","@id":"https:\/\/www.tvojeoci.cz\/#\/schema\/logo\/image\/","url":"https:\/\/www.tvojeoci.cz\/wp-content\/uploads\/2024\/07\/cropped-af_logo2.png","contentUrl":"https:\/\/www.tvojeoci.cz\/wp-content\/uploads\/2024\/07\/cropped-af_logo2.png","width":500,"height":500,"caption":"Tvoje o\u010di"},"image":{"@id":"https:\/\/www.tvojeoci.cz\/#\/schema\/logo\/image\/"},"sameAs":["https:\/\/www.facebook.com\/MadebyAnt\/"]}]}},"jetpack_sharing_enabled":true,"_links":{"self":[{"href":"https:\/\/www.tvojeoci.cz\/index.php?rest_route=\/wp\/v2\/product\/564","targetHints":{"allow":["GET"]}}],"collection":[{"href":"https:\/\/www.tvojeoci.cz\/index.php?rest_route=\/wp\/v2\/product"}],"about":[{"href":"https:\/\/www.tvojeoci.cz\/index.php?rest_route=\/wp\/v2\/types\/product"}],"replies":[{"embeddable":true,"href":"https:\/\/www.tvojeoci.cz\/index.php?rest_route=%2Fwp%2Fv2%2Fcomments&post=564"}],"wp:featuredmedia":[{"embeddable":true,"href":"https:\/\/www.tvojeoci.cz\/index.php?rest_route=\/wp\/v2\/media\/566"}],"wp:attachment":[{"href":"https:\/\/www.tvojeoci.cz\/index.php?rest_route=%2Fwp%2Fv2%2Fmedia&parent=564"}],"wp:term":[{"taxonomy":"product_brand","embeddable":true,"href":"https:\/\/www.tvojeoci.cz\/index.php?rest_route=%2Fwp%2Fv2%2Fproduct_brand&post=564"},{"taxonomy":"product_cat","embeddable":true,"href":"https:\/\/www.tvojeoci.cz\/index.php?rest_route=%2Fwp%2Fv2%2Fproduct_cat&post=564"},{"taxonomy":"product_tag","embeddable":true,"href":"https:\/\/www.tvojeoci.cz\/index.php?rest_route=%2Fwp%2Fv2%2Fproduct_tag&post=564"}],"curies":[{"name":"wp","href":"https:\/\/api.w.org\/{rel}","templated":true}]}}